 of 38491.
61, 631
What are the prime factors of 66156?
2, 3, 37, 149
List the prime factors of 44659.
17, 37, 71
List the prime factors of 5944.
2, 743
What are the prime factors of 28?
2, 7
List the prime factors of 328.
2, 41
List the prime factors of 54726.
2, 3, 7, 1303
List the prime factors of 77171.
77171
What are the prime factors of 5575?
5, 223
List the prime factors of 5315.
5, 1063
List the prime factors of 62639.
62639
List the prime factors of 1246.
2, 7, 89
List the prime factors of 2748.
2, 3, 229
What are the prime factors of 95772?
2, 3, 23, 347
What are the prime factors of 55211?
13, 31, 137
What are the prime factors of 18130?
2, 5, 7, 37
List the prime factors of 518.
2, 7, 37
What are the prime factors of 5525?
5, 13, 17
List the prime factors of 507.
3, 13
List the prime factors of 5841.
3, 11, 59
What are the prime factors of 22445?
5, 67
List the prime factors of 1991.
11, 181
List the prime factors of 1896.
2, 3, 79
What are the prime factors of 4836?
2, 3, 13, 31
What are the prime factors of 1561?
7, 223
List the prime factors of 2598.
2, 3, 433
List the prime factors of 209198.
2, 11, 37, 257
What are the prime factors of 1086?
2, 3, 181
What are the prime factors of 44107?
7, 6301
List the prime factors of 1775.
5, 71
What are the prime factors of 8009?
8009
What are the prime factors of 2109?
3, 19, 37
List the prime factors of 8404.
2, 11, 191
What are the prime factors of 88091?
137, 643
What are the prime factors of 10303?
10303
List the prime factors of 127240.
2, 5, 3181
What are the prime factors of 7643?
7643
What are the prime factors of 7453?
29, 257
What are the prime factors of 20892?
2, 3, 1741
List the prime factors of 1297.
1297
List the prime factors of 71830.
2, 5, 11, 653
List the prime factors of 809.
809
List the prime factors of 31469.
31469
List the prime factors of 6740.
2, 5, 337
What are the prime factors of 27101?
41, 661
What are the prime factors of 9349?
9349
List the prime factors of 5330.
2, 5, 13, 41
List the prime factors of 7370.
2, 5, 11, 67
What are the prime factors of 968?
2, 11
List the prime factors of 11439.
3, 31, 41
What are the prime factors of 490?
2, 5, 7
List the prime factors of 64183.
7, 53, 173
What are the prime factors of 4384?
2, 137
What are the prime factors of 114797?
114797
List the prime factors of 344.
2, 43
What are the prime factors of 6925?
5, 277
List the prime factors of 911.
911
What are the prime factors of 47486?
2, 23743
List the prime factors of 31260.
2, 3, 5, 521
What are the prime factors of 40822?
2, 20411
What are the prime factors of 39286?
2, 13, 1511
What are the prime factors of 7201?
19, 379
What are the prime factors of 71517?
3, 31, 769
What are the prime factors of 30863?
7, 4409
What are the prime factors of 4219?
4219
What are the prime factors of 3786?
2, 3, 631
List the prime factors of 2523.
3, 29
List the prime factors of 343.
7
List the prime factors of 856.
2, 107
What are the prime factors of 6097?
7, 13, 67
List the prime factors of 129.
3, 43
What are the prime factors of 438?
2, 3, 73
What are the prime factors of 799?
17, 47
What are the prime factors of 17775?
3, 5, 79
List the prime factors of 11795.
5, 7, 337
What are the prime factors of 2370?
2, 3, 5, 79
What are the prime factors of 1691?
19, 89
What are the prime factors of 943?
23, 41
List the prime factors of 8258.
2, 4129
What are the prime factors of 14220?
2, 3, 5, 79
What are the prime factors of 6125?
5, 7
List the prime factors of 29896.
2, 37, 101
List the prime factors of 684.
2, 3, 19
List the prime factors of 56249.
56249
What are the prime factors of 11026?
2, 37, 149
List the prime factors of 2263.
31, 73
List the prime factors of 15754.
2, 7877
What are the prime factors of 7858?
2, 3929
What are the prime factors of 888?
2, 3, 37
What are the prime factors of 23778?
2, 3, 1321
List the prime factors of 1490.
2, 5, 149
What are the prime factors of 36034?
2, 43, 419
What are the prime factors of 133096?
2, 127, 131
What are the prime factors of 6782?
2, 3391
List the prime factors of 13694.
2, 41, 167
What are the prime factors of 1187?
1187
List the prime factors of 1151.
1151
List the prime factors of 1865.
5, 373
What are the prime factors of 3115?
5, 7, 89
What are the prime factors of 16841?
11, 1531
What are the prime factors of 18483?
3, 61, 101
List the prime factors of 11388.
2, 3, 13, 73
List the prime factors of 286.
2, 11, 13
List the prime factors of 17510.
2, 5, 17, 103
What are the prime factors of 207?
3, 23
List the prime factors of 526.
2, 263
List the prime factors of 14533.
14533
What are the prime factors of 104?
2, 13
What are the prime factors of 77568?
2, 3, 101
What are the prime factors of 24570?
2, 3, 5, 7, 13
What are the prime factors of 2739?
3, 11, 83
List the prime factors of 330.
2, 3, 5, 11
List the prime factors of 396.
2, 3, 11
List the prime factors of 9578.
2, 4789
What are the prime factors of 2488?
2, 311
What are the prime factors of 72375?
3, 5, 193
List the prime factors of 5478.
2, 3, 11, 83
List the prime factors of 781.
11, 71
List the prime factors of 1675.
5, 67
What are the prime factors of 37400?
2, 5, 11, 17
List the prime factors of 5412.
2, 3, 11, 41
What are the prime factors of 39496?
2, 4937
What are the prime factors of 638?
2, 11, 29
List the prime factors of 1515.
3, 5, 101
List the prime factors of 4691.
4691
List the prime factors of 902.
2, 11, 41
List the prime factors of 4128.
2, 3, 43
What are the prime factors of 40703?
13, 31, 101
What are the prime factors of 8349?
3, 11, 23
What are the prime factors of 3307?
3307
List the prime factors of 346.
2, 173
What are the prime factors of 21451?
19, 1129
List the prime factors of 1298.
2, 11, 59
What are the prime factors of 6377?
7, 911
What are the prime factors of 87272?
2, 10909
List the prime factors of 6390.
2, 3, 5, 71
List the prime factors of 5414.
2, 2707
What are the prime factors of 4639?
4639
List the prime factors of 59834.
2, 29917
What are the prime factors of 2653?
7, 379
List the prime factors of 3169.
3169
What are the prime factors of 72289?
7, 23, 449
What are the prime factors of 2475?
3, 5, 11
List the prime factors of 9434.
2, 53, 89
What are the prime factors of 3500?
2, 5, 7
What are the prime factors of 414?
2, 3, 23
List the prime factors of 8118.
2, 3, 11, 41
What are the prime factors of 4638?
2, 3, 773
List the prime factors of 1105.
5, 13, 17
List the prime factors of 74908.
2, 61, 307
List the prime factors of 17042.
2, 8521
List the prime factors of 20659.
73, 283
What are the prime factors of 98?
2, 7
List the prime factors of 1205.
5, 241
What are the prime factors of 2135?
5, 7, 61
What are the prime factors of 178?
2, 89
What are the prime factors of 16729?
16729
What are the prime factors of 485?
5, 97
List the prime factors of 183178.
2, 67, 1367
List the prime factors of 2707.
2707
List the prime factors of 74144.
2, 7, 331
What are the prime factors of 2729?
2729
What are the prime factors of 3392?
2, 53
List the prime factors of 4131.
3, 17
What are the prime factors of 73085?
5, 47, 311
What are the prime factors of 3051?
3, 113
What are the prime factors of 1063?
1063
List the prime factors of 6345.
3, 5, 47
What are the prime factors of 2178?
2, 3, 11
List the prime factors of 42700.
2, 5, 7, 61
List the prime factors of 431.
431
What are the prime factors of 16445?
5, 11, 13, 23
List the prime factors of 9341.
9341
List the prime factors of 1181.
1181
What are the prime factors of 421?
421
List the prime factors of 58074.
2, 3, 9679
List the prime factors of 10362.
2, 3, 11, 157
What are the prime factors of 1498?
2, 7, 107
List the prime factors of 313.
313
List the prime factors of 1219.
23, 53
List the prime factors of 1143.
3, 127
List the prime factors of 17817.
3, 5939
What are the prime factors of 11692?
2, 37, 79
What are the prime factors of 1980?
2, 3, 5, 11
What are the prime factors of 2547?
3, 283
List the prime factors of 26134.
2, 73, 179
What are the prime factors of 86180?
2, 5, 31, 139
What are the prime factors of 1152?
2, 3
List the prime factors of 18362.
2, 9181
List the prime factors of 145.
5, 29
List the prime factors of 15872.
2, 31
List the prime factors of 30